{"id":946,"date":"2025-03-12T22:03:20","date_gmt":"2025-03-12T22:03:20","guid":{"rendered":"https:\/\/tourtebellelausanne.ch\/?page_id=946"},"modified":"2025-03-12T22:08:17","modified_gmt":"2025-03-12T22:08:17","slug":"atelier-pour-paques","status":"publish","type":"page","link":"https:\/\/tourtebellelausanne.ch\/index.php\/home-2\/atelier-pour-paques\/","title":{"rendered":"Atelier pour P\u00e2ques"},"content":{"rendered":"\t\t<div data-elementor-type=\"wp-page\" data-elementor-id=\"946\" class=\"elementor elementor-946\" data-elementor-settings=\"[]\">\n\t\t\t\t\t\t\t<div class=\"elementor-section-wrap\">\n\t\t\t\t\t\t\t<section data-particle_enable=\"false\" data-particle-mobile-disabled=\"false\" class=\"elementor-section elementor-top-section elementor-element elementor-element-2833a4d elementor-section-boxed elementor-section-height-default elementor-section-height-default\" data-id=\"2833a4d\" data-element_type=\"section\">\n\t\t\t\t\t\t<div class=\"elementor-container elementor-column-gap-default\">\n\t\t\t\t\t<div class=\"elementor-column elementor-col-100 elementor-top-column elementor-element elementor-element-4a53712\" data-id=\"4a53712\" data-element_type=\"column\">\n\t\t\t<div class=\"elementor-widget-wrap elementor-element-populated\">\n\t\t\t\t\t\t\t\t<div class=\"elementor-element elementor-element-067a5da elementor-widget elementor-widget-heading\" data-id=\"067a5da\" data-element_type=\"widget\" data-settings=\"{&quot;motion_fx_motion_fx_scrolling&quot;:&quot;yes&quot;,&quot;motion_fx_opacity_effect&quot;:&quot;yes&quot;,&quot;motion_fx_opacity_range&quot;:{&quot;unit&quot;:&quot;%&quot;,&quot;size&quot;:&quot;&quot;,&quot;sizes&quot;:{&quot;start&quot;:20,&quot;end&quot;:94}},&quot;motion_fx_opacity_direction&quot;:&quot;out-in&quot;,&quot;motion_fx_opacity_level&quot;:{&quot;unit&quot;:&quot;px&quot;,&quot;size&quot;:10,&quot;sizes&quot;:[]},&quot;motion_fx_devices&quot;:[&quot;desktop&quot;,&quot;tablet&quot;,&quot;mobile&quot;]}\" data-widget_type=\"heading.default\">\n\t\t\t\t<div class=\"elementor-widget-container\">\n\t\t\t<h2 class=\"elementor-heading-title elementor-size-default\"><a href=\"https:\/\/www.instagram.com\/p\/DHHM60JOXon\/\">\u00c9v\u00e8nement actuel<\/a><\/h2>\t\t<\/div>\n\t\t\t\t<\/div>\n\t\t\t\t<div class=\"elementor-element elementor-element-01f8e8c elementor-widget elementor-widget-image\" data-id=\"01f8e8c\" data-element_type=\"widget\" data-widget_type=\"image.default\">\n\t\t\t\t<div class=\"elementor-widget-container\">\n\t\t\t\t\t\t\t\t\t\t\t\t\t\t\t<img loading=\"lazy\" decoding=\"async\" width=\"724\" height=\"1024\" src=\"https:\/\/tourtebellelausanne.ch\/wp-content\/uploads\/2025\/03\/Blue-Modern-Easter-Egg-Hunt-Poster-724x1024.png\" class=\"attachment-large size-large\" alt=\"\" srcset=\"https:\/\/tourtebellelausanne.ch\/wp-content\/uploads\/2025\/03\/Blue-Modern-Easter-Egg-Hunt-Poster-724x1024.png 724w, https:\/\/tourtebellelausanne.ch\/wp-content\/uploads\/2025\/03\/Blue-Modern-Easter-Egg-Hunt-Poster-212x300.png 212w, https:\/\/tourtebellelausanne.ch\/wp-content\/uploads\/2025\/03\/Blue-Modern-Easter-Egg-Hunt-Poster-768x1086.png 768w, https:\/\/tourtebellelausanne.ch\/wp-content\/uploads\/2025\/03\/Blue-Modern-Easter-Egg-Hunt-Poster-1086x1536.png 1086w, https:\/\/tourtebellelausanne.ch\/wp-content\/uploads\/2025\/03\/Blue-Modern-Easter-Egg-Hunt-Poster-1448x2048.png 1448w, https:\/\/tourtebellelausanne.ch\/wp-content\/uploads\/2025\/03\/Blue-Modern-Easter-Egg-Hunt-Poster.png 1587w\" sizes=\"auto, (max-width: 724px) 100vw, 724px\" \/>\t\t\t\t\t\t\t\t\t\t\t\t\t\t\t<\/div>\n\t\t\t\t<\/div>\n\t\t\t\t<div class=\"elementor-element elementor-element-263b0c2 elementor-widget elementor-widget-text-editor\" data-id=\"263b0c2\" data-element_type=\"widget\" data-widget_type=\"text-editor.default\">\n\t\t\t\t<div class=\"elementor-widget-container\">\n\t\t\t\t\t\t\t<p>\ud83c\udfa8\ud83d\udc23 Atelier Cr\u00e9atif Sp\u00e9cial P\u00e2ques : D\u00e9core ton G\u00e2teau ! \ud83c\udf70\u2728<\/p><p>\u00a0<\/p><p>Chers petits chefs et parents gourmands,<\/p><p>\u00c0 l\u2019occasion de P\u00e2ques, nous vous invitons \u00e0 un atelier cr\u00e9atif o\u00f9 les enfants pourront d\u00e9corer leur propre g\u00e2teau aux couleurs de cette f\u00eate joyeuse ! \ud83c\udfa8\ud83c\udf6b<\/p><p>\u00a0<\/p><p>\ud83d\udc69\u200d\ud83c\udf73 Au programme :<\/p><p>\ud83e\udd5a D\u00e9coration de g\u00e2teau sur le th\u00e8me de P\u00e2ques<\/p><p>\ud83c\udf82 Cr\u00e8me, p\u00e2te \u00e0 sucre et gourmandises \u00e0 volont\u00e9<\/p><p>\ud83c\udf89 Un moment ludique et cr\u00e9atif pour petits et grands<\/p><p>\u00a0<\/p><p>\ud83d\udcc5 Date : Jeudi 17 avril 2025 (vacances scolaires)<\/p><p>\ud83d\udccd Lieu : Tourtebelle Lausanne<\/p><p>\u23f0 Heure : de 14h00 \u00e0 15h30<\/p><p>\ud83c\udf9f\ufe0f Inscription obligatoire, places limit\u00e9es !<\/p><p>\u00a0<\/p><p>Offrez \u00e0 votre enfant un moment magique et gourmand ! \ud83c\udf70\ud83d\udc9b<\/p><p>R\u00e9servez d\u00e8s maintenant en nous contactant au 078 846 05 54.<\/p><p>\u00c0 tr\u00e8s vite pour un atelier plein de douceurs ! \ud83d\udc30\ud83c\udf38<\/p>\t\t\t\t\t\t<\/div>\n\t\t\t\t<\/div>\n\t\t\t\t\t<\/div>\n\t\t<\/div>\n\t\t\t\t\t\t\t<\/div>\n\t\t<\/section>\n\t\t\t\t\t\t<\/div>\n\t\t\t\t\t<\/div>\n\t\t","protected":false},"excerpt":{"rendered":"<p>\u00c9v\u00e8nement actuel \ud83c\udfa8\ud83d\udc23 Atelier Cr\u00e9atif Sp\u00e9cial P\u00e2ques : D\u00e9core ton G\u00e2teau ! \ud83c\udf70\u2728 \u00a0 Chers petits chefs et parents gourmands, \u00c0 l\u2019occasion de P\u00e2ques, nous vous invitons \u00e0 un atelier cr\u00e9atif o\u00f9 les enfants pourront d\u00e9corer leur propre g\u00e2teau aux couleurs de cette f\u00eate joyeuse ! \ud83c\udfa8\ud83c\udf6b \u00a0 \ud83d\udc69\u200d\ud83c\udf73 Au programme : \ud83e\udd5a D\u00e9coration de &hellip;<\/p>\n<p class=\"read-more\"> <a class=\"\" href=\"https:\/\/tourtebellelausanne.ch\/index.php\/home-2\/atelier-pour-paques\/\"> <span class=\"screen-reader-text\">Atelier pour P\u00e2ques<\/span> Lire la suite\u00a0\u00bb<\/a><\/p>\n","protected":false},"author":7,"featured_media":927,"parent":369,"menu_order":0,"comment_status":"closed","ping_status":"closed","template":"","meta":{"footnotes":""},"class_list":["post-946","page","type-page","status-publish","has-post-thumbnail","hentry"],"_links":{"self":[{"href":"https:\/\/tourtebellelausanne.ch\/index.php\/wp-json\/wp\/v2\/pages\/946","targetHints":{"allow":["GET"]}}],"collection":[{"href":"https:\/\/tourtebellelausanne.ch\/index.php\/wp-json\/wp\/v2\/pages"}],"about":[{"href":"https:\/\/tourtebellelausanne.ch\/index.php\/wp-json\/wp\/v2\/types\/page"}],"author":[{"embeddable":true,"href":"https:\/\/tourtebellelausanne.ch\/index.php\/wp-json\/wp\/v2\/users\/7"}],"replies":[{"embeddable":true,"href":"https:\/\/tourtebellelausanne.ch\/index.php\/wp-json\/wp\/v2\/comments?post=946"}],"version-history":[{"count":9,"href":"https:\/\/tourtebellelausanne.ch\/index.php\/wp-json\/wp\/v2\/pages\/946\/revisions"}],"predecessor-version":[{"id":955,"href":"https:\/\/tourtebellelausanne.ch\/index.php\/wp-json\/wp\/v2\/pages\/946\/revisions\/955"}],"up":[{"embeddable":true,"href":"https:\/\/tourtebellelausanne.ch\/index.php\/wp-json\/wp\/v2\/pages\/369"}],"wp:featuredmedia":[{"embeddable":true,"href":"https:\/\/tourtebellelausanne.ch\/index.php\/wp-json\/wp\/v2\/media\/927"}],"wp:attachment":[{"href":"https:\/\/tourtebellelausanne.ch\/index.php\/wp-json\/wp\/v2\/media?parent=946"}],"curies":[{"name":"wp","href":"https:\/\/api.w.org\/{rel}","templated":true}]}}